-8 + -1622?
-162a
In base 4, what is -10022 + -133?
-10221
In base 9, what is -3 - -86?
83
In base 12, what is -2 - 71?
-73
In base 15, what is 3 + -1d60?
-1d5c
In base 13, what is 2 + 437?
439
In base 13, what is -14 - 7c?
-93
In base 5, what is 1 - 40243?
-40242
In base 16, what is -5 + 1c?
17
In base 8, what is -1 - -23?
22
In base 6, what is 2 - 14143?
-14141
In base 3, what is 1220002 + 11?
1220020
In base 3, what is 21 + 200110?
200201
In base 15, what is 5 - -181?
186
In base 6, what is -22 - 14?
-40
In base 8, what is -3 + -121?
-124
In base 13, what is 1 + -39?
-38
In base 9, what is -5 + -11?
-16
In base 6, what is -2 - -35142?
35140
In base 16, what is 870 - 4?
86c
In base 12, what is 0 + -89?
-89
In base 15, what is 0 - -170?
170
In base 7, what is -4 - 14?
-21
In base 5, what is -12 - 140?
-202
In base 15, what is 0 + 16a?
16a
In base 14, what is -9 - b2?
-bb
In base 10, what is 0 + -262?
-262
In base 8, what is -371 - -11?
-360
In base 7, what is 5 + 16?
24
In base 15, what is 1c7 + 2?
1c9
In base 13, what is 5 - -258?
260
In base 4, what is 10 - -120?
130
In base 3, what is 2 - 1121?
-1112
In base 13, what is 1 + 14a7?
14a8
In base 14, what is 16 - 54?
-3c
In base 12, what is 989 + -3?
986
In base 15, what is 9 + 10?
19
In base 12, what is -1a + 3?
-17
In base 14, what is -2 + -228?
-22a
In base 15, what is 12 - -12?
24
In base 3, what is 1 + 210221?
210222
In base 6, what is 43 + -1?
42
In base 4, what is -3 + -1003?
-1012
In base 3, what is -12101 + -120?
-12221
In base 9, what is 7 + 175?
183
In base 4, what is 103 - 20331?
-20222
In base 10, what is -1 - -71?
70
In base 10, what is -21 - 7?
-28
In base 4, what is 1323300 + 3?
1323303
In base 8, what is 10 - 7?
1
In base 5, what is 3 + -3?
0
In base 11, what is 4a24a + 3?
4a252
In base 6, what is 121 - -53?
214
In base 10, what is -5 - -3006?
3001
In base 9, what is 5 - 213?
-207
In base 11, what is -140 + -3?
-143
In base 10, what is 5 - 48?
-43
In base 16, what is e + 5?
13
In base 10, what is 149 + -1?
148
In base 16, what is -4 - -46?
42
In base 2, what is 1 + 111010?
111011
In base 6, what is 15 + -40?
-21
In base 4, what is -3 + -1200?
-1203
In base 15, what is 5c - 6c?
-10
In base 14, what is -15 + -1da?
-211
In base 2, what is -1101 + 10011001110?
10011000001
In base 12, what is 4 + 125?
129
In base 15, what is -10 - 8?
-18
In base 16, what is -671 + -3?
-674
In base 13, what is 112 - 4?
10b
In base 6, what is -4 - 3251?
-3255
In base 15, what is -16 - -6?
-10
In base 6, what is -1 - -332?
331
In base 12, what is 3 + 34a?
351
In base 9, what is -5 - 7042?
-7047
In base 5, what is -102 + -12330?
-12432
In base 16, what is 28 + -89?
-61
In base 4, what is -112202 + -10?
-112212
In base 13, what is -2 - -7c?
7a
In base 14, what is -3 - -48?
45
In base 14, what is b2 + -9?
a7
In base 2, what is -10 + -1001?
-1011
In base 2, what is 11110010100101 + -10?
11110010100011
In base 9, what is -171 + 0?
-171
In base 14, what is -10 + -2d?
-3d
In base 2, what is 101 - -110101011?
110110000
In base 2, what is 11 + 10001?
10100
In base 3, what is 10 - -10001?
10011
In base 10, what is 32 + -235?
-203
In base 15, what is -3 + 1c2?
1be
In base 10, what is -526 + 3?
-523
In base 16, what is -1a14 + -1?
-1a15
In base 2, what is 1 + 1011111111010?
1011111111011
In base 14, what is -2 + 25?
23
In base 15, what is d6 + 0?
d6
In base 4, what is 1120032 + -10?
1120022
In base 11, what is 2 - 24?
-22
In base 2, what is 10101000 + -10?
10100110
In base 8, what is -2462 + -1?
-2463
In base 7, what is -416 - 10?
-426
In base 3, what is 12 + 1100?
1112
In base 4, what is -2 + 111323?
111321
In base 10, what is 1 + -172?
-171
In base 16, what is -d + -5b?
-68
In base 5, what is -13 - 2323?
-2341
In base 15, what is 98e5 + -2?
98e3
In base 15, what is 6a - 0?
6a
In base 13, what is 114 - 4?
110
In base 7, what is 1566 + 3?
1602
In base 13, what is 63b + -4?
637
In base 12, what is a + -19?
-b
In base 7, what is 134 - -24?
161
In base 12, what is 0 + -11?
-11
In base 12, what is -906 - -1?
-905
In base 13, what is 39 - 0?
39
In base 12, what is 0 - 301?
-301
In base 7, what is 1 + -135?
-134
In base 5, what is 2 - -101?
103
In base 16, what is -1c - 2c?
-48
In base 16, what is -2 + -e?
-10
In base 14, what is a - -20?
2a
In base 15, what is -3 + 147?
144
In base 2, what is -10000001 + 10?
-1111111
In base 14, what is 261 + 25?
286
In base 6, what is -2 - -1234?
1232
In base 11, what is 1270 - 7?
1264
In base 9, what is 2 - -512?
514
In base 8, what is 6 - 4?
2
In base 11, what is -2 + 636?
634
In base 8, what is 30 + -7?
21
In base 7, what is -3222 - -3?
-3216
In base 7, what is 4150 + 0?
4150
In base 3, what is 10 + 201202?
201212
In base 2, what is 10111000 - -101?
10111101
In base 16, what is -1 - 691?
-692
In base 12, what is -243 - -9?
-236
In base 2, what is 11101 + -1010?
10011
In base 14, what is -3 + -16?
-19
In base 8, what is -35 + -2020?
-2055
In base 12, what is -3 - -116b?
1168
In base 15, what is 30c - 4?
308
In base 13, what is 43 + -2?
41
In base 8, what is -2 - 2705?
-2707
In base 8, what is 30 - -142?
172
In base 11, what is -4 + 43?
3a
In base 7, what is 1515 - -2?
1520
In base 12, what is -1a8 + 5?
-1a3
In base 12, what is -5 + 16b?
166
In base 9, what is 6 + 101?
107
In base 4, what is -21 - -3132?
3111
In base 14, what is -66a + -1?
-66b
In base 13, what is 1 - -55c?
560
In base 15, what is 0 - -2e8?
2e8
In base 5, what is -2 + 234?
232
In base 15, what is -156 - 0?
-156
In base 9, what is 3 - 1?
2
In base 6, what is 4250 + -2?
4244
In base 13, what is 704 - -12?
716
In base 8, what is -73 - -2?
-71
In base 14, what is 2 + -70?
-6c
In base 13, what is b4 - -66?
14a
In base 8, what is -13 + -112?
-125
In base 5, what is 301 + -10?
241
In base 8, what is -4 + 230?
224
In base 8, what is -3012 + -1?
-3013
In base 7, what is 4 - 102?
-65
In base 5, what is -3401 + -3?
-3404
In base 14, what is 15 - -65?
7a
In base 10, what is -3 + -130?
-133
In base 10, what is -480 - 2?
-482
In base 11, what is -2 + -162?
-164
In base 5, what is 2 - 4?
-2
In base 3, what is 1000 - -200?
1200
In base 5, what is -3 - 2043?
-2101
In base 12, what is -1 + 2853?
2852
In base 15, what is 111 + 4?
115
In base 5, what is 4303 + 1?
4304
In base 10, what is -4 - -599?
595
In base 4, what is 11 + -101012?
-101001
In base 16, what is a - -1a2?
1ac
In base 12, what is 3 - 1a?
-17
In base 11, what is -4 - -7?
3
In base 14, what is 4005 - 2?
4003
In base 5, what is 21 + 11?
32
In base 11, what is 1 - -22a9?
22aa
In base 12, what is 29 - -9?
36
In base 7, what is -20 + 11?
-6
In base 4, what is 11102 - 3?
11033
In base 14, what is 8 - -35?
3d
In base 5, what is -20231 - -3?
-20223
In base 9, what is -5 + 455?
450
In base 14, what is 9 - 35b?
-352
In base 5, what is 3 - 1324?
-1321
In base 5, what is 240 + 33?
323
In base 10, what is 478 + 4?
482
In base 15, what is 13 + 5b?
6e
In base 6, what is -11 + 114?
103
In base 7, what is -14 + 66?
52
In base 16, what is 2df + d?
2ec
In base 15, what is 11b + -1?
11a
In base 4, what is 20 + 1221?
1301
In base 3, what is 11 - -1020?
1101
In base 14, what is 295 + 5?
29a
In base 8, what is 3 + -470?
-465
In base 15, what is 1d4 + -1a?
1b9
In base 3, what is -2 - -2111?
2102
In base 11, what is -2651 - 2?
-2653
In base 2, what is 10 + 11010?
11100
In base 12, what is 55 + 6?
5b
In base 9, what is -1 - 64?
-65
In base 3, what is 11 - 121211?
-121200
In base 2, what is -10011 + 100000?
1101
In base 9, what is 233 - 18?
214
In base 3, what is -1 - 11010201?
-11010202
In base 6, what is 1 - -102211?
102212
In base 10, what is -154 + -16?
-170
In base 8, what is -5 + -67?
-74
In base 6, what is -422 + 21?
-401
In base 13, what is -154 + b?
-146
In base 3, what is 1212 + 0?
1212
In base 15, what is -13a - 1?
-13b
In base 14, what is -25 - -5c?
37
In base 10, what is 795 + -5?
790
In base 4, what is -1 - 12213?
-12220
In base 11, what is 3 + -156?
-153
In base 8, what is -1 - -3052?
3051
In base 6, what is -344 - -331?
-13
In base 5, what is 14 + -3001?
-2432
In base 3, what is -2 + -10?
-12
In base 15, what is 27 - 3?
24
In base 16, what is 3 - 75?
-72
In base 2, what is -1100101 - -1111?
-1010110
In base 2, what is 10010 - -101001001?
101011011
In base 3, what is -1222 - 11